s digit of c?
5
Let w(z) = z**3 - 23*z**2 + 71*z - 6. Let a be w(21). Let k = a + 207. What is the hundreds digit of k?
8
Suppose 3*c + 3 = 0, 280*c - 284*c = 4*w - 112888. What is the thousands digit of w?
8
Let b = 14636 - 7735. What is the tens digit of b?
0
Let q = 105 + -90. Suppose 0 = -q*o - 62 + 5342. What is the units digit of o?
2
Let d = 4 - 2. Let h = 2 - 2. What is the units digit of 7 - (-2 - h - d)?
1
Let v(u) = 117*u - 1600. Let z be v(14). Suppose 180 = -2*s - 170. Let x = z - s. What is the units digit of x?
3
Suppose -1320 = -4*g - 440. Suppose 0 = -4*z - z - g. What is the tens digit of -3 - (-4 + 2 + z)?
4
Let d(o) be the second derivative of -89*o**4/12 - 2*o**3/3 + o**2 + 7*o. Let j be d(1). Let z = j - -149. What is the units digit of z?
8
Let d = 71 + -1541. What is the units digit of (98/(-5))/(84/d)?
3
Let y(m) be the second derivative of 139*m**3/6 - 29*m**2 - 139*m. What is the tens digit of y(3)?
5
Suppose 3*q + x = 28995, 4*q + 16*x - 11*x - 38682 = 0. What is the hundreds digit of q?
6
Let l(b) = -b**3 - b**2 + 13*b - 40. Let n be l(-9). Let y = 624 - n. What is the units digit of y?
3
Let d = -8200 - -8207. Let o be 4/14 + (-4)/14. Suppose o = -b + 3 + d. What is the units digit of b?
0
What is the hundreds digit of (-28)/(-21)*((-549738)/(-12))/7?
7
Let a(s) = 26*s**2 - 66*s + 1239. What is the hundreds digit of a(18)?
4
Let k be -5*(-12)/(-80)*12. Let v(c) = -104*c + 214. What is the thousands digit of v(k)?
1
Let t(f) = -8 - 4*f - 3*f + 0*f + 5*f. Let n be t(-6). Suppose 4*p + n*p = 912. What is the tens digit of p?
1
Suppose 80*b - 56*b - 287513 = 2767. What is the tens digit of b?
9
Suppose 0 = 10*l - 48 - 52. Suppose -3*z = l*z - 4082. What is the units digit of z?
4
Suppose 0*j + 3*j - 147 = 0. Let m be 4*(-3)/(-32) - -519*8/192. Let y = j + m. What is the tens digit of y?
7
Let c be (-54681)/(-9) + 12/(-18). Suppose c = 5*g + 10*g. What is the tens digit of g?
0
Let x = 12066 - 7318. What is the units digit of x?
8
What is the thousands digit of (13619 - (3 - -1)) + 11 + -2?
3
What is the thousands digit of 7*325/(-91) - -75168?
5
Let t(a) = 110*a - 51. Suppose 5*f = 5, 2*f = 8*q - 3*q - 23. What is the units digit of t(q)?
9
Let r be (25/(-2))/(23/(-46)). Suppose -20 = 4*x - 5*k, -5*x + k = -k + r. Let l = 108 + x. What is the units digit of l?
3
Let o = 8717 - 2565. What is the thousands digit of o?
6
Suppose -2*u + 3 = 2*s - 5, -5*s = -5*u. Suppose -2*f + s*i = 3*f - 1531, 0 = 2*f + 3*i - 601. What is the units digit of f?
5
What is the units digit of 18/48 - (9 - 1039745/40)?
5
Suppose 8 = -u - 2. Let r = 18 + u. Let n(l) = -l**3 + 8*l**2 + 5*l + 10. What is the units digit of n(r)?
0
Let c(x) = 1891*x - 417. What is the thousands digit of c(5)?
9
Suppose -l + 278 = -3*y, -2*l + 0*y + 4*y + 554 = 0. Let h(k) = 6*k**2 - 65*k - 11. Let a be h(6). Let f = l + a. What is the tens digit of f?
9
Suppose -21 = -8*g + 19. Suppose s - g*o = 161, -5*s + 15*o + 885 = 10*o. What is the hundreds digit of s?
1
Let r = 193615 + -101190. What is the tens digit of r?
2
Let s(i) = 2*i**2 + 20*i - 459. Let w be s(-21). Let v = -1 - 20. What is the units digit of ((-7)/w)/(v/2142)?
8
Let q = 21806 - 6753. What is the units digit of q?
3
Suppose 0 = 114*k - 47*k - 403340. What is the hundreds digit of k?
0
What is the units digit of (-25)/(-5)*(6/45 - (-130864)/60)?
6
Suppose o = 4*n - 67, -5*n - 2*o + 32 + 42 = 0. What is the units digit of 880/(-11)*n/(-10)?
8
Let t = -912 + 1422. Suppose t = -3*w - 2*d + 2056, -3*w - d + 1544 = 0. What is the tens digit of w?
1
Let y(g) be the first derivative of -37*g**2 - 146*g + 205. What is the hundreds digit of y(-10)?
5
Let o(k) = 14*k**3 - 2*k**2 - k + 2. Let w be o(1). Let t(p) = p**2 + p - 31. What is the tens digit of t(w)?
5
Let t(k) = -39 - k**2 + 21*k + 7*k - 8*k**2 - k + 8*k**2. What is the hundreds digit of t(14)?
1
Suppose -30 = 57*y - 87. Let p(b) = 1555*b**3 - 8*b**2 + 7*b + 1. What is the tens digit of p(y)?
5
Suppose i - 2 = -0. Suppose -2*b = -6 - i. Suppose -b*w = 3*o - 290, -o + 3*w - w + 100 = 0. What is the units digit of o?
8
Let f = -286 - -295. Suppose 0 = 8*n - f*n + 436. What is the hundreds digit of n?
4
Suppose 15*a - 499 = -154. Let v = -2 + a. What is the tens digit of 351/v - 20/(-70)?
1
Suppose 11*z - 5*z - 60 = 0. Suppose -6*d + z*d = 20. Suppose -5*k = -k + 2*v - 208, d*k = -4*v + 260. What is the tens digit of k?
5
Let y be (-574)/(-10) - 6/75*5. Let v = -109 - y. Let k = -86 - v. What is the tens digit of k?
8
Let g(n) = 22*n**2 - 66*n - 951. What is the thousands digit of g(-14)?
4
What is the tens digit of 103438/2 - (6 - (7 + -10))?
1
Let j(w) = 17*w**3 - w + 4. Let f(z) = 3*z + 3. Let l be f(6). Let p(y) = -2*y + 44. Let g be p(l). What is the tens digit of j(g)?
3
Let t(v) = 2*v + 6. Let z be t(-6). Let m(g) be the third derivative of g**5/60 + 5*g**4/24 - g**3/6 + 221*g**2. What is the units digit of m(z)?
5
Let u = 235 - -1898. What is the units digit of u?
3
Let k(u) = 2*u**3 + 42*u**2 + 41*u + 21. Let b be k(-20). What is the hundreds digit of (3 + (-44)/(-33))/(b/201)?
8
Let b = 16 - 11. Suppose 0*x - 4 = 4*p - 4*x, b*x = 5. Suppose -3*w - 5*l + l + 150 = p, 5*l = 0. What is the units digit of w?
0
Let b(v) = 21*v**2 + 14*v + 17. Let k = 953 + -958. What is the tens digit of b(k)?
7
Suppose 9*m - 7*m + 138 = 2*l, -l = -4*m - 84. Let u be 2/3 + (-21)/(-9) - l. Let d = u - -137. What is the units digit of d?
6
Suppose 2*w + y = 7*w + 4*y, -5*y = 0. Suppose w = -5*u - 1204 + 5059. What is the units digit of u?
1
Let i = -47 - -49. Suppose -3*o + i = -o. Suppose 0 = -3*s + 8 + o. What is the units digit of s?
3
Let u(t) = -734*t + 1961. What is the hundreds digit of u(-5)?
6
Suppose -2*o + 12 = o. Suppose -3 = o*u - 23, -2*u + 20 = 2*q. What is the units digit of (-46 - q)*(-12)/9?
8
Let f be (-10)/2 + 12 + -1. Suppose 4*r - 18 + f = 0. Suppose r*w - 437 - 55 = 0. What is the tens digit of w?
6
Suppose -2*n + 415 = -5*d, -n + 205 = 6*d - 9*d. What is the units digit of n?
0
Suppose -5*z + 2*a = -36631, 0 = z - 9*a + 8*a - 7328. What is the thousands digit of z?
7
Let g = 101 + -186. Let p = g - -209. Let b = p - 26. What is the units digit of b?
8
Let g be (4 - 5/2)*32. Suppose -g*j + 26*j + 2530 = 0. What is the tens digit of j?
1
Let t = 485 + -373. Suppose -2*f + t = -106. What is the hundreds digit of f?
1
Let n be (-4 - (-5)/2)*54. Let m = n + 300. Suppose m - 1695 = -12*p. What is the tens digit of p?
2
Let u(w) = -w - 11. Let y be u(-15). Suppose y*m - 62 = -502. Let g = 198 - m. What is the units digit of g?
8
Suppose 0 = 89*b - 577158 - 3455343. What is the hundreds digit of b?
3
Suppose -53 - 689 = 3*c + 2*d, -980 = 4*c - 2*d. Let w = 652 + c. What is the tens digit of w?
0
Suppose -6*j = -0*j - 1170. Suppose -2*g + n - 22 + j = 0, 3*g - 256 = -2*n. What is the units digit of g?
6
Let p(t) = -3040*t + 2956. What is the units digit of p(-5)?
6
Let f be (2/4)/(6/(-12*265)). Let z = f + 1364. What is the hundreds digit of z?
0
Let k(n) be the second derivative of 7/12*n**4 + 1/3*n**3 + 25/2*n**2 + 0 + 27*n. What is the hundreds digit of k(-4)?
1
Let x be 2/(-2)*-2 - (-14 - -12). Suppose 4*s = 3*d + 21 + 9, x*s = -2*d - 20. What is the units digit of 28/6*(-15)/d?
7
Suppose -13*h + 4*h + 2646 = 0. Suppose 4*r - 534 = h. What is the hundreds digit of r?
2
Let d = 2151 + 3340. What is the thousands digit of d?
5
Let v be (4/6)/(4/18). Suppose t - v*m - 99 - 55 = 0, 4*t - 686 = -2*m. What is the tens digit of t?
6
Suppose h = -3*z + 1290, 53*z - 2150 = 48*z - 3*h. What is the units digit of z?
0
Let i be -4 - (-1 - 2 - 1). Suppose i = 6*p - 4*p - 518. Suppose 2*x + 2*d = -d + 161, d = -3*x + p. What is the tens digit of x?
8
Let i(h) = -6*h - 94. Let s be i(10). Suppose 2*m + 700 - 248 = 0. Let d = s - m. What is the tens digit of d?
7
Suppose 23*b - 16*b + 1260 = 0. What is the hundreds digit of 3*8/30 - 118836/b?
6
Suppose -3*j = 0, -150*q + 14610 = -148*q + 3*j - 4*j. What is the tens digit of q?
0
Let c(k) = 389*k - 1311. What is the thousands digit of c(27)?
9
Let l = 3 + -23. Let h(k) = 27 + 50 - k + 0*k - 13. What is the tens digit of h(l)?
8
Let r be (-4940)/(-45) + 8/36. Suppose 0 = t + j + 41, -119 - 63 = 4*t - 5*j. Let 